2*l + 35, -r*i = 3*l + 11 - 46. Calculate y(i).
-3
Let d(z) be the third derivative of z**6/60 + z**5/30 + z**4/8 + z**3/2 + z**2. Let r = -32 + 18. Let j = r - -12. Determine d(j).
-11
Let a(d) = 1. Let q(t) = -4*t + 12. Let w(j) = a(j) - q(j). Suppose 4*f + 1 = -3. Let h(u) = -u + 1. Let p(x) = f*w(x) - 6*h(x). What is p(-4)?
-3
Suppose 0 = 3*z - 3*o + 6, 11 = -3*o - 1. Let n(f) = -f**3 - 5*f**2 + 3*f - 6. Calculate n(z).
12
Let w(k) = -13*k + 3. Let t be (-1)/((-8)/10 + 1). Let v(q) = -9*q + 2. Let c(m) = t*w(m) + 7*v(m). Let g be ((-8)/(-20))/((-1)/(-10)). Determine c(g).
7
Suppose s + 10 = 6*s. Suppose 0 = -9*i + 7*i + s. Let d(c) = 2*c**2 + 2*c - 1. Give d(i).
3
Suppose -5*d = 5*y - 40, 2*d - 4 = 4*y - 6. Let w(s) = 2*s**2 - s - 6 + 8*s + s**2 - 4*s**2. Calculate w(d).
4
Suppose -5*q = -4*p - 13, -3*p - 3*q = -5*p - 9. Let k(a) be the third derivative of a**6/120 - a**5/15 + a**4/6 - 2*a**2. Determine k(p).
3
Let n(z) be the third derivative of 1/2*z**3 + 0*z + 0 + 4*z**2 + 1/8*z**4 - 1/60*z**5. Calculate n(5).
-7
Let b(y) = 7*y**2 - 3*y - 9. Let d(h) = -6*h**2 + 2*h + 8. Let j(l) = 5*b(l) + 6*d(l). Calculate j(-3).
3
Let u = 14 - 14. Let m(h) be the second derivative of u + 1/3*h**3 - h + 3*h**2. What is m(-5)?
-4
Let h(n) = -5*n - 13. Let a(t) = -t - 3. Let r = -9 - 0. Let w(j) = r*a(j) + 2*h(j). Calculate w(3).
-2
Let p(n) be the second derivative of 0*n**3 + n + 0 - 1/8*n**4 - 3/2*n**2. Let l(o) be the first derivative of p(o). Give l(-1).
3
Suppose -44*r + 6 = -42*r. Let l(v) be the first derivative of 3*v**2/2 - 3*v - 4. Calculate l(r).
6
Let r(w) = -2*w - 8. Let o = 8 + -9. Let v be 2/o + 0 - 4. What is r(v)?
4
Let s(r) be the first derivative of -r**4/4 + 2*r**3/3 - r**2/2 + 2*r - 10. Give s(3).
-10
Let q be 9/3*(-2 - 1). Let f be 3/((-6)/q - 1). Let g(w) = w**3 + 10*w**2 + 10*w + 4. Let d be g(f). Let z(t) = -t**2 - 5*t - 1. Calculate z(d).
-1
Let x(v) = -5*v - 2. Let l be x(4). Let u = -19 - l. Let b(s) = -s - 1. Calculate b(u).
-4
Let i = -3 + 5. Let h(g) = -9*g + g + 2*g - g**i + 3*g + 7. Give h(-5).
-3
Let m(h) = 3*h + 1. Let q be m(4). Let p = q - 9. Let o(k) = -21*k + 3*k**2 - k**3 + 3*k**2 + 41*k - 23*k - k**2. Calculate o(p).
4
Let g(v) be the second derivative of v**3/2 - v**2 - v + 13. What is g(4)?
10
Let n be (-138)/(-17) + 4/(-34). Let p(s) = -s + 8. Give p(n).
0
Let w = 3 - 1. Let c(r) = r - r - 4 - w*r. Let h be c(-3). Let a(q) = 2*q**2 - 2*q + 3. Determine a(h).
7
Let r(h) = -h + 2. Let w = 5 + -4. Let s = -3 + w. Determine r(s).
4
Let u(g) = 13*g**2 + 5*g + 2. Let b(s) = -s - 1. Let q(y) = -3*b(y) - u(y). What is q(1)?
-14
Let n be 54/12 - 2/(-4). Suppose 8 = -3*k + 3*p - n*p, 3*k + p = -13. Let i = k + 11. Let r(y) = y**3 - 4*y**2 - 5*y + 2. Calculate r(i).
2
Suppose 28 = -34*j + 38*j. Let p(u) = -u**3 + 6*u**2 + 5*u + 4. Give p(j).
-10
Let z(u) = u**3 - 6*u**2 - u + 2. Let w be z(6). Suppose o + 4*i - 23 = 0, 5*i - 31 = o - 3*o. Let b(a) = 3*a**2 - 2*a**2 + 1 + 4*a - o. Determine b(w).
-2
Let o = 5 - 2. Let l(c) be the second derivative of -c**3/6 - c**2/2 + 5*c. Calculate l(o).
-4
Let y(i) = -i**2 + i - 13. Let u be (5/(-25)*0)/(-1). Give y(u).
-13
Let x(b) = b**3 + 4*b**2 - b + 1. Let y = 45 - 49. Determine x(y).
5
Let w(x) = -x + 1. Let j(q) = 6*q - 9. Let s(k) = j(k) + 3*w(k). Determine s(5).
9
Let f(i) = -i**2 + 3*i + 7. Let w(k) = k**3 - k**2 + k + 5. Let g(s) = -s - 5. Let h be g(-5). Let q be w(h). Give f(q).
-3
Let p be (2/(-6))/((-1)/15). Suppose 5 = 3*n + w, p*n - w + 5 = -0*w. Let i(l) = -1 - 4*l + 6*l - l**2 - l. Determine i(n).
-1
Let i(h) be the second derivative of -h**3/6 + 5*h**2 - h. Let j be i(7). Let m(g) = g**3 - g**3 + g - 2*g**3 + 7 + g**j - 5*g**2. What is m(-5)?
2
Let c(b) be the second derivative of b**6/720 + b**5/30 + b**4/6 + 3*b. Let k(o) be the third derivative of c(o). Let v be (5 - 1)*10/(-8). What is k(v)?
-1
Let a(n) = -3*n - n**2 + 7*n + 3 + 0*n - 1. Let m(i) = i. Let t(g) = a(g) - m(g). Determine t(5).
-8
Let u(b) = -b**2 + b - 5. Let p(r) be the third derivative of r**5/30 - r**4/24 + r**3 - 2*r**2. Let m(i) = 2*p(i) + 3*u(i). Let z = -4 + 1. Determine m(z).
3
Let t = 6 + 0. Let w be (-8)/10*(-15)/t. Let x(r) = 3*r. Determine x(w).
6
Let o = 6 + -2. Suppose -4*p + 2*n = -2 + 14, -12 = o*p + 3*n. Let r(t) = -4*t**2 - 1 - 4*t + 0 - t**3 - 3. Calculate r(p).
-1
Let t = 18 + -12. Let g = -1 + t. Let k(m) be the third derivative of -m**6/120 + m**5/10 - m**4/6 - 7*m**3/6 + 7*m**2. Give k(g).
-2
Let m(l) = 6*l**3 + 10*l**2 - 2*l - 3. Let w(s) = s**3 + s**2 - s. Let b(c) = m(c) - 5*w(c). What is b(-3)?
6
Let h(o) = -o**3 + 7*o - 30*o + 5*o**2 + 11*o + 6*o. Give h(4).
-8
Let o(u) = -u**3 + 1. Let q(r) = -19*r**3 - 3*r - 3*r + 7*r**2 + 18*r**3 + 1. Let a be q(6). Determine o(a).
0
Let f(r) = -6*r**2 + 5*r + 4. Let o(j) = -j**2 + 1. Let v(n) = -f(n) + 5*o(n). Calculate v(4).
-3
Let n(r) = -11*r - 7 + 2 + 25. Let p(t) = -4*t + 7. Let j be (2 - 2) + 0 + -6. Let f(i) = j*n(i) + 17*p(i). What is f(-5)?
9
Let x(w) be the first derivative of -w**2/2 + 9*w + 1. Suppose -59*l + 38*l + 105 = 0. Determine x(l).
4
Suppose 10*b = -b. Let o(x) = 3*x**3 + 20*x**2 + 3*x - 41. Let w(t) = -t**3 - 7*t**2 - t + 14. Let d(p) = 6*o(p) + 17*w(p). What is d(b)?
-8
Let j(f) = f**2 - 4*f + 3. Let v be j(4). Let d(o) = -o**3 + 3*o**2 + o - 3. Determine d(v).
0
Let t be 0/(-1) - (-2 - -2). Let a = t + 4. Let r be 3 + -1 + 8/a. Let x(j) = -j + 7. Give x(r).
3
Let j(a) be the third derivative of 0*a**3 + 0*a + 0 - 2*a**2 - 1/12*a**4. Let o be j(-3). Let q(f) = -f**3 + 5*f**2 + 4*f + 7. Determine q(o).
-5
Let s(w) = -8*w + 5. Let n(t) = t - 1. Let u(i) = -6*n(i) - s(i). Let j = -1 - 0. Determine u(j).
-1
Let a(c) = c**3 - c**2 - c - 1. Let z(h) = 4*h**3 - 9*h**2 - 4*h + 5. Let w(f) = 3*a(f) - z(f). Give w(6).
-2
Suppose 3*g + 6 = w - 5, -2*w + 3*g = -10. Let q(a) = -3*a. What is q(w)?
3
Let b(q) = 3*q**3 - 9*q - 2*q**3 - 7 + q + 5*q**2. Suppose -10 = 3*z + 4*k - 8*k, -4*k - 38 = 5*z. What is b(z)?
5
Let g(r) = -15*r. Let s = -1 + 2. What is g(s)?
-15
Let j(o) be the second derivative of o**3/6 - o**2/2 + 3*o. Let r(f) = f - 1. Let a(n) = -3*j(n) + 2*r(n). What is a(5)?
-4
Let h = 9 + -5. Let r be 2*-1*(h - 3). Let s(u) = 4*u + 2*u**2 + 3 - 3 + 3. Calculate s(r).
3
Let p be -3 + 4 - 5/1. Let z(n) be the third derivative of -n**4/12 - 10*n**2. Calculate z(p).
8
Let w(b) = -b**3 - 1. Suppose -4*l = 5*g - 7*l + 11, 0 = -5*g + 2*l - 9. Determine w(g).
0
Let k = -190 - -189. Let c(p) = 7*p - 1. Let x(b) = -7*b + 2. Let a(q) = 3*c(q) + 2*x(q). Give a(k).
-6
Suppose -g = -3*n - 15, 5*g + 1 = -n + 28. Let f be (g - 0)/(1 - -1). Let p(z) = 2*z + 4. Determine p(f).
10
Let t(p) = p**3 - 8*p**2 + 5. Let r(y) = 6*y**2 + 2*y. Let m be r(1). Determine t(m).
5
Let r(z) be the third derivative of -z**6/120 - z**4/12 - z**3/2 - 30*z**2. Let i be 2/(-9) + (-80)/45. What is r(i)?
9
Let i(d) be the first derivative of -d + 1/2*d**2 - 3. What is i(3)?
2
Let d(i) = -i**2 + 2*i + 3. Let n be d(-2). Let g(w) = 3*w + 3. Let f(k) = -k - 1. Let x = 14 - 10. Let t(u) = x*g(u) + 11*f(u). Calculate t(n).
-4
Suppose s - q + 8 = 0, 0*q + 3*q + 30 = -3*s. Let l(j) = j**3 + 10*j**2 + 10*j + 4. Let m be l(s). Let z(n) = -n**3 - 4*n**2 + n - n**2 + 0*n. Calculate z(m).
-5
Let q be 3 + ((-3)/(-3) - 9). Let y be ((-1)/(-3))/((-2)/(-54)). Let j = y + q. Let d(r) = r - 4. Calculate d(j).
0
Let b(z) be the second derivative of -z**5/60 + z**4/8 + z**3/2 + z**2 + z. Let f(g) be the first derivative of b(g). Suppose -p - 3 = -1. What is f(p)?
-7
Suppose 0 = 2*t + 11 - 1. Let s(k) = -120*k**3 + 119*k**3 - 5*k**2 - 5 - k - k. What is s(t)?
5
Let w be (10/(-4))/(1/(-2)). Suppose -14 = w*q - 69. Let j(n) = q - 7*n**2 - 11. What is j(1)?
-7
Let r(x) = -1. Let o(z) = z + 3. Let n(k) = -o(k) - 2*r(k). What is n(-1)?
0
Let g = 3 + 0. Suppose -g = 2*s - 9. Let x(l) = -3*l**2 + 5*l - 2. Give x(s).
-14
Let o be ((-10)/(-6))/(1/3). Let z = o + -3. Let p(w) = -1 + 0 + z - 9*w. Give p(-1).
10
Let o(j) = 3*j - 1. Let x(b) = 5*b - 4. Let r(h) = h - 1. Let v(a) = -4*r(a) + x(a). Let s(u) = o(u) - 2*v(u). Determine s(1).
0
Suppose -4*g + 15 = -0*g + m, -4*g + 6 = -2*m. Suppose 6*c - 3*b + 21 = c, 0 = 3*c + g*b + 3. Let z be -5 + c - (0 + -3). Let h(r) = 2*r + 3. Give 